*u + 2310, -2*g = 2*u - 1528. Is g prime?
False
Suppose -t = 4*t + 5. Let r(p) = -3*p**2 + 9*p**2 + 1 + 43*p**3 - 8*p**2 - 129*p**3. Is r(t) a composite number?
True
Let z = 3 - -1. Suppose 0 = z*h + 133 - 2081. Is h a composite number?
False
Suppose 0 = -21*i + 26*i - 2765. Is i a prime number?
False
Let w(g) = -g**2 + 3*g - 1. Let v be w(2). Let d(m) = 20*m**2. Let n be d(v). Is (2 - 3)*-1 + n a composite number?
True
Let g be 2 - (-1)/1 - 7. Let j(s) = -20*s + 7. Is j(g) prime?
False
Let l be 4/(5*4/10). Is -38*((-55)/l)/5 prime?
False
Suppose 5*i = -20, 5*i - 40 = -u + 893. Is u a prime number?
True
Suppose 4*o - 3*a = 2*o - 19, a = -4*o - 17. Let p = 2 - o. Suppose -p + 1 = -n. Is n a prime number?
False
Suppose 0 = -3*y - 0*y + 3. Is ((-327)/6)/(y/(-2)) a prime number?
True
Let w be ((-2)/4)/(1/10). Is (w/(-10))/(1/106) composite?
False
Suppose 5*y + 64 = -4*u, -72 = 3*y + 2*y + 2*u. Suppose 3*v = g - 13, 0*g - 3*g - 3*v = 9. Is 4 - 1 - y/g composite?
False
Let n = 599 - 292. Is n prime?
True
Let z be (5 + -2 + 2)*131. Suppose 3*l + 4*c + z = 0, 389 + 664 = -5*l + 3*c. Is (-8)/(-20) - l/5 prime?
True
Is 406*(1 - (-2)/(-4)) a prime number?
False
Suppose 3*d - 507 = 1578. Is d prime?
False
Let s = -249 - -472. Is s prime?
True
Let j = -7589 - -13020. Is j prime?
True
Let h be (-4*2)/(-2 - 0). Suppose 3*j - 11 = h*o, 0*j - 2*o = 4*j - 44. Suppose -3*c = 2*p + j, p + 17 = 2*c - 6*c. Is p a prime number?
True
Let y = 411 - 727. Let d = 635 + y. Is d a prime number?
False
Let v(r) = -r**2 - 3*r + 293. Is v(0) prime?
True
Let b be 3 + (-1 - -1) - 6. Is ((-1)/b)/(2/18) a prime number?
True
Suppose -5*s - 410 = 2190. Let j = 1469 + s. Is j prime?
False
Suppose -6*f = 2*p - 5*f - 792, -f = -3*p + 1193. Is p prime?
True
Is 22/(-77) + 4867/7 a composite number?
True
Suppose 6*c - 1457 = c - 4*a, -c - 4*a = -285. Is c prime?
True
Suppose 0 = -m + 47047 - 16906. Let d be m/39 - (-2)/13. Suppose 0 = -5*b + d + 1302. Is b composite?
True
Suppose 0 = 5*p - 4*i - 870, 0 = -4*p - 4*i + 896 - 164. Is p a composite number?
True
Let s(g) = 15*g**2 + 1. Suppose -2*c = -5*d - 21, -3*d - 19 - 2 = -4*c. Let b be s(c). Suppose -26 = 5*r - b. Is r a prime number?
False
Suppose -d - 86 = -3*d. Is d a prime number?
True
Suppose 44 + 6 = 5*k. Let y be 25/k*(-8)/(-5). Is y/6*399/14 a prime number?
True
Let m(h) = -56*h + 1. Let b(o) = 7*o**2 + 15*o + 9. Let q(a) = -20*a**2 - 44*a - 27. Let n(x) = 17*b(x) + 6*q(x). Let p be n(-8). Is m(p) prime?
False
Suppose -k - 9*k + 19150 = 0. Is k prime?
False
Let s be (8 + 2)*2/4. Let b(h) = h**2 - 4*h + 4. Is b(s) a prime number?
False
Suppose u - 5*f - 71 = 0, -69 = -5*u + 5*f + 266. Is 2*2/(-4) + u a composite number?
True
Let q(s) = s + s**2 + 3*s**2 + s**2 + 2 - 4*s**2. Is q(-4) prime?
False
Let x be -3*(-2)/3*1. Is (-390)/(-4) + x/(-4) a prime number?
True
Is (-3 + (-11500)/16)*-4 composite?
False
Let i(c) = -c**3 + c + 2. Let t be i(0). Let y be t + 3 + 0 + -2. Suppose -5*q + 122 = -y*z, z + 99 = -q + 5*q. Is q a composite number?
True
Let s be ((-1)/(-2))/((-2)/(-260)). Let g be 2/8 - 1/4. Suppose -5*k - n + 2 + s = g, -n = -2. Is k composite?
False
Let x(b) = -149*b. Is x(-1) a prime number?
True
Suppose 5178 = 7*o - 3341. Is o a composite number?
False
Suppose -4*w + 93 + 55 = 0. Is w composite?
False
Let p(h) = h - 12. Let k be p(7). Is 14/4*(-110)/k composite?
True
Suppose q - 471 = -3*z, -z - 5*q = 4*z - 775. Let c = z - -91. Suppose -c = -6*r + 3*r. Is r a composite number?
False
Is (-10)/(-50) + 9208/10 composite?
True
Is (-3 - 1*-2396) + 0 composite?
False
Let y be 7 - (1 + 0/(-2)). Suppose -4*j + 6*q = 3*q - 6, 2*j + 8 = -4*q. Suppose j = y*p - p - 335. Is p prime?
True
Let q(n) = -4*n - 1. Let o(j) = -3*j + 2. Let m = 5 - 3. Let g be o(m). Is q(g) a prime number?
False
Suppose 20 - 140 = -5*m. Suppose i + 2*i - m = 0. Suppose -3 - i = -f. Is f prime?
True
Let o(u) be the second derivative of u**5/10 - u**4/6 - u**3/3 + u**2/2 - u. Let f = 11 - 7. Is o(f) prime?
True
Let s(b) = -261*b - 16. Is s(-9) composite?
False
Let b be (6 - -1)*(-60)/(-42). Let t(v) = 3*v**2 - 12*v - 2. Let s be t(b). Suppose -l + s = l. Is l prime?
True
Let w(n) = -3*n**3 + 2*n**2 + 3*n + 3. Suppose -4*b - 5*k = 40, b - 15 = 4*k + k. Is w(b) composite?
True
Suppose -12 = -3*h, -5*x - 3*h + 2326 = -2451. Is x a prime number?
True
Let i = -718 - -1569. Is i composite?
True
Let b = -26 - -41. Let y = 0 + b. Is y a prime number?
False
Suppose -4*k - 2*c - c = -1910, 5*k - 2385 = -5*c. Is k a prime number?
True
Suppose 5*w = w + 12. Let v(m) = -m**2 + 8*m + 4. Let p be v(6). Let r = p - w. Is r a prime number?
True
Let p = -3 - -7. Let z = 7 - p. Suppose -z*w = w - 92. Is w composite?
False
Let v(r) = r**2 - 6*r + 4. Let q be v(4). Is (122/q)/((-8)/112) composite?
True
Is (2 + -6)*1578/(-24) composite?
False
Suppose -n + 6*n = -260. Let q be (101/3)/(3/(-9)). Let b = n - q. Is b composite?
True
Suppose 0 = -2*x - 5*a - 19, x + 0*x = -3*a - 12. Let s be 1 + 0 + x + -1. Suppose -3*b + b + 16 = p, 3*b = -s*p + 27. Is b a composite number?
False
Suppose -4*x + 7913 = 3*b, 3*x - 827 = -5*b + 12376. Is b prime?
False
Suppose o - 53 = 18. Is o a prime number?
True
Let d be (16/(-24))/((-1)/(-60)). Let n = -21 - d. Is n a prime number?
True
Let w(r) be the third derivative of r**6/24 + r**5/12 - r**4/8 + r**3/6 - r**2. Let d be w(3). Let q = d - 77. Is q a prime number?
False
Suppose 0 = -2*d - 0*d + 154. Is d a composite number?
True
Let r(q) = -q**2 - q + 23. Let f = 9 - 3. Suppose n - 3*l = -f, -4*n + 4 + 0 = 2*l. Is r(n) composite?
False
Suppose y - 5087 = -1146. Is y a composite number?
True
Let o be (-8882)/(-8) + (-6)/(-8). Suppose -3*y - 2*f + o = 122, 4*y - 1304 = f. Is y composite?
True
Suppose 2*d - 57 = -5*k + 22, d - 32 = 5*k. Is d prime?
True
Let n = -11 + 17. Let v = n - 3. Is v a prime number?
True
Let v = 1 - -3. Suppose 3*u + 5*l = -v + 15, 4*u + 3*l - 11 = 0. Is u/(-3) + 58/6 a composite number?
True
Let w(g) = 20*g**2 + 19*g + 25. Is w(-6) prime?
True
Let j(k) be the third derivative of k**6/12 - k**5/60 - k**4/24 - 7*k**3/6 + 2*k**2. Is j(3) composite?
False
Let m be ((-954)/(-27))/(4/6). Suppose -23 - m = -4*t. Is t a prime number?
True
Let p(z) = z + 7. Let a be p(-8). Let d = a - -10. Suppose 4*h - d = h. Is h composite?
False
Let m = 9 - -4. Suppose t - 40 - m = 0. Is t composite?
False
Let r(o) = -20*o**2 - o + 1. Let s be r(1). Let c be 7/5 - (-8)/s. Is (9 - -2)/(c + 0) a prime number?
True
Let g(r) = 5*r**2 - 1. Suppose 0*f = -4*f + 4. Let o be g(f). Is 2/o + 5/2 a composite number?
False
Suppose -4*r - 5*f = -11 - 20, -2*f = -6. Suppose -r*k + k = -57. Is k a prime number?
True
Let z = 3 + 128. Is z a prime number?
True
Suppose -553 = -r + h, 3651 = 5*r - 4*h + 883. Suppose 0 = f - 5*f + r. Is f composite?
False
Suppose 2 = 3*i + n - 2, -n = -2*i + 6. Suppose -p + 5*p = 8. Suppose -i*o = p*v - 28, 3*o - 4*v = -2*o + 115. Is o prime?
True
Let u = -4 + 6. Let b be (-51)/(-6) - u/(-4). Let p = 15 - b. Is p prime?
False
Let v(h) = 25*h - 9. Let d be v(-7). Let o = 283 + d. Suppose 4*z + 39 = o. Is z composite?
True
Let n be 0/(3 - 8/4). Is n/(-3 - -1) - -83 prime?
True
Let d(j) = -2349*j + 3. Let g be d(7). Is g/(-88) - (-4)/22 a composite number?
True
Let a be (-230)/4*(-232)/(-10). Let p = a + 323. Is (-4)/(-6) - p/9 a prime number?
True
Let p be (0 - -133) + 4/4. Let f be 178/(-14) + (-2)/7. Let x = p + f. Is x prime?
False
Let s = 0 + 4. Suppose -r = -2*o + 6, 3*r = 4*r + s*o + 12. Is (-58)/r + 2/(-8) composite?
False
Let w(m) = 10*m**3 + 4*m**2 + m - 2. Is w(3) prime?
True
Let a = -429 - -789. Suppose -4*d = 36 - a. Suppose -k + d = 22. Is k prime?
True
Let v = 6 + -3. Suppose p = -v*p + 92. Is (1 - (-6)/(-3)) + p prime?
False
Let l(p) = p**3 + 7*p**2 - 2*p. Let s be l(-7). Suppose -2*z + s = -28. Is z prime?
False
Let g(r) = r**2 - 4*r + 4. Let q be g(3). Let k be ((-1)/(-2))/(q/6). Suppose 3*m = -2*p + 42, -k*m = -m - 2*p - 28. Is m composite?
True
Let o(z) = -28*z + 3. Let s be o(2). Suppose c = 3*c - 212. Let g = c + s. Is g a composite number?
False
Let s(f) = 12*f - 17. Is s(12) a prime number?
True
Suppose -392 + 5510 = 6*o. Is o composite?
False
Let m = 177 - -464. Is m prime?
True
Suppose 69 = 2*s - 913. Is s 